r of 56895328?
False
Is 47 a factor of 5244260?
True
Is 30 a factor of 27555480?
True
Does 32 divide 82398944?
True
Is 228 a factor of 81919716?
True
Is 999 a factor of 128186928?
False
Is 588 a factor of 31726128?
True
Is 135352555 a multiple of 17?
True
Does 138 divide 142512346?
False
Is 13 a factor of 169797031?
False
Does 119 divide 512312017?
True
Is 5 a factor of 103011356?
False
Does 4812 divide 796616589?
False
Does 40 divide 257928190?
False
Does 340 divide 11906018?
False
Does 164 divide 715424786?
False
Does 49 divide 189089187?
True
Is 909386940 a multiple of 1155?
True
Does 3 divide 5711926?
False
Is 40 a factor of 212750359?
False
Is 429180353 a multiple of 8302?
False
Does 566 divide 3418105970?
False
Is 62 a factor of 205525908?
True
Is 258643050 a multiple of 3687?
True
Is 165925872 a multiple of 291?
True
Does 502 divide 872573388?
True
Is 31503737 a multiple of 1225?
False
Is 30124047 a multiple of 10?
False
Is 249 a factor of 16339380?
True
Is 198653472 a multiple of 6?
True
Is 1056 a factor of 43780562?
False
Is 1206446410 a multiple of 911?
True
Is 14 a factor of 21198058?
True
Is 332 a factor of 4881396?
True
Is 608926235 a multiple of 3327?
False
Is 13 a factor of 240223341?
False
Does 11 divide 45502864?
True
Does 9 divide 78237945?
True
Is 591 a factor of 1480203302?
False
Is 26357643 a multiple of 368?
False
Is 995571412 a multiple of 366?
False
Does 32 divide 455727548?
False
Is 9 a factor of 1378713?
False
Is 404536112 a multiple of 653?
True
Is 80543112 a multiple of 134?
True
Is 3068988 a multiple of 382?
True
Is 8964235 even?
False
Does 709 divide 11365082?
False
Does 17 divide 75635091?
True
Is 709 a factor of 4138774029?
True
Does 92 divide 573620?
True
Is 48478243 a multiple of 907?
True
Is 290349672 a multiple of 71?
True
Is 418833802 a multiple of 11?
False
Is 26115375 a multiple of 4125?
True
Is 25 a factor of 80833500?
True
Is 6 a factor of 41917775?
False
Does 66 divide 28652382?
True
Is 129 a factor of 73170898?
False
Is 69140481 a multiple of 175?
False
Does 1309 divide 56675773?
True
Is 55 a factor of 667312084?
False
Does 20 divide 5248740?
True
Is 241 a factor of 1717753902?
False
Is 1580293618 a multiple of 1294?
True
Is 4 a factor of 12750568?
True
Does 135 divide 1285468?
False
Is 37975224 a multiple of 42?
True
Is 142890795 a multiple of 5?
True
Does 6438 divide 3011380938?
True
Is 177980064 a multiple of 1184?
True
Does 5 divide 26878789?
False
Is 49287132 a multiple of 801?
True
Is 36623821 a multiple of 2471?
False
Does 11 divide 4508119?
True
Does 7473 divide 503403699?
True
Does 4550 divide 4098471650?
True
Is 2467168 a multiple of 473?
True
Does 1896 divide 268970352?
True
Is 917 a factor of 109143859?
False
Is 474331531 a multiple of 15?
False
Does 40 divide 120041560?
True
Does 119 divide 1516506820?
False
Does 650 divide 193798820?
False
Is 19 a factor of 969397429?
False
Does 342 divide 13532940?
True
Does 28 divide 78921709?
False
Is 23207676 a multiple of 12?
True
Is 21 a factor of 340299561?
True
Is 2232244644 a multiple of 7143?
True
Is 89 a factor of 38220216?
False
Does 304 divide 50206208?
True
Is 86444960 a multiple of 16?
True
Is 79 a factor of 63202748?
False
Is 24129096 a multiple of 4?
True
Does 935 divide 51580210?
True
Is 869 a factor of 73412752?
False
Does 91 divide 228855900?
True
Does 63 divide 454077603?
True
Is 24497890 a multiple of 932?
False
Is 399136466 a multiple of 4031?
False
Does 1521 divide 22909302?
True
Is 73279927 a multiple of 47?
False
Does 154 divide 103133256?
False
Is 410502682 a multiple of 4967?
True
Is 85403916 a multiple of 1404?
True
Does 1009 divide 187901025?
True
Does 69 divide 311830389?
True
Is 1754498 a multiple of 806?
False
Does 13 divide 302588?
True
Is 97404502 a multiple of 61?
False
Is 6104280 a multiple of 34?
False
Does 421 divide 554953024?
False
Is 59124 a multiple of 375?
False
Is 69786940 a multiple of 4?
True
Does 22 divide 40381484?
True
Is 77 a factor of 3889015?
False
Is 2167824825 a multiple of 4692?
False
Is 3105169712 a multiple of 14?
False
Does 1309 divide 24872435?
False
Is 4270 a factor of 554741320?
True
Is 166 a factor of 182329488?
False
Is 57957615 a multiple of 45?
True
Is 1299436942 a multiple of 19?
True
Is 211 a factor of 245422811?
False
Is 16682106 a multiple of 146?
True
Does 359 divide 33687124?
True
Does 349 divide 5407755?
True
Is 44 a factor of 159010256?
False
Does 5796 divide 53534486?
False
Is 5 a factor of 65274481?
False
Does 288 divide 645839424?
True
Does 45 divide 13056705?
True
Does 1916 divide 97183352?
True
Does 13638 divide 563035442?
False
Does 1883 divide 31559591?
False
Is 48 a factor of 49336485?
False
Does 5635 divide 720053064?
False
Is 794215 a multiple of 74?
False
Is 28642329 a multiple of 413?
False
Does 2 divide 13287843?
False
Is 50354937 a multiple of 173?
True
Is 140 a factor of 25426240?
True
Is 1428 a factor of 54235440?
True
Does 88 divide 22815209?
False
Is 105043417 a multiple of 21?
False
Is 441113040 a multiple of 135?
True
Does 25 divide 2881119298?
False
Does 1495 divide 67511210?
True
Does 1220 divide 44484877?
False
Is 180217444 a multiple of 28?
False
Is 489985536 a multiple of 6?
True
Is 156 a factor of 2446203708?
True
Is 106 a factor of 285195650?
True
Does 5 divide 23710175?
True
Does 9 divide 154341468?
True
Is 1370868591 a multiple of 45?
False
Does 648 divide 44296529?
False
Does 10 divide 18043731?
False
Does 115 divide 1881588945?
True
Is 1443655770 a multiple of 86?
True
Is 8158 a factor of 3973778116?
True
Is 38668000 a multiple of 175?
True
Does 7 divide 792573923?
False
Does 53 divide 73188911?
False
Is 1618 a factor of 1299741337?
False
Does 77 divide 375363901?
False
Is 14058 a factor of 2214219348?
True
Is 1258 a factor of 80456648?
True
Is 2107 a factor of 34549581?
False
Is 69866694 a multiple of 219?
True
Is 5571 a factor of 74088729?
True
Is 462 a factor of 696566304?
False
Is 242023926 a multiple of 15?
False
Is 792 a factor of 63783720?
True
Does 2 divide 118494558?
True
Does 30 divide 22165256?
False
Is 96 a factor of 1488140640?
True
Does 11 divide 133582856?
True
Is 587 a factor of 749006717?
True
Does 63 divide 665384454?
True
Is 176600799 a multiple of 4728?
False
Does 6 divide 143859918?
True
Is 20385279 a multiple of 40?
False
Does 7515 divide 1942935615?
True
Is 208 a factor of 32529335?
False
Does 18 divide 1961172144?
True
Is 39874482 a multiple of 526?
True
Is 1595550 a multiple of 330?
True
Is 17 a factor of 300452033?
True
Is 557 a factor of 366903730?
False
Does 16 divide 75257728?
True
Does 725 divide 251060250?
True
Is 27 a factor of 83115902?
False
Is 60415848 a multiple of 621?
True
Is 2922703614 a multiple of 8174?
True
Is 9 a factor of 500089221?
True
Does 21 divide 5179025?
False
Is 1703590 a multiple of 1422?
False
Is 226 a factor of 331469263?
False
Does 63 divide 68490997?
False
Is 24674514 a multiple of 34?
True
Does 2 divide 132852703?
False
Is 20141334 a multiple of 63?
False
Is 231950931 a multiple of 35?
False
Is 10683185 a multiple of 73?
True
Is 2535 a factor of 375564251?
False
Does 263 divide 107988852?
True
Is 155893971 a multiple of 188?
False
Is 125 a factor of 27572125?
True
Is 4013 a factor of 938524535?
False
Does 61 divide 261511591?
False
Is 955414296 a multiple of 9?
True
Is 693919248 a multiple of 10?
False
Is 50701867 a multiple of 1219?
True
Is 916264368 a multiple of 204?
True
Is 843 a factor of 18906804?
True
Is 12055500 a multiple of 282?
True
Is 335350 a multiple of 25?
True
Is 23616684 a multiple of 2?
True
Is 2841680888 a multiple of 152?
True
Is 9408 a factor of 2902478069?
False
Is 53308030 a multiple of 1232?
False
Is 41931526 a multiple of 14?
True
Is 5 a factor of 65741853?
False
Is 660 a factor of 217236979?
False
Is 3 a factor of 506771116?
False
Is 213177853 a multiple of 1273?
True
Does 214 divide 412974846?
True
Is 28572510 a multiple of 2329?
False
Is 116782960 a multiple of 4?
True
Is 98 a factor of 65051028?
True
Does 112 divide 1200640?
True
Is 83101591 a multiple of 23?
False
Is 32208297 a multiple of 799?
False
Is 76 a factor of 1104653757?
False
Is 1414747847 a multiple of 99?
False
Is 2878881881 a multiple of 2871?
False
Is 7102807 a multiple of 37?
False
Is 16 a facto